{"id":82,"date":"2018-04-06T12:53:00","date_gmt":"2018-04-06T10:53:00","guid":{"rendered":"http:\/\/www.anlegerin.at\/?page_id=82"},"modified":"2021-11-08T20:00:13","modified_gmt":"2021-11-08T19:00:13","slug":"about-us","status":"publish","type":"page","link":"https:\/\/wordpress.fobis.org\/anlegerin\/about-us\/","title":{"rendered":"\u00fcber anlegerin.at"},"content":{"rendered":"\n<h4 class=\"wp-block-heading\">warum anlegerIN?<\/h4>\n\n\n\n<ol class=\"wp-block-list\"><li>warum nicht?<\/li><li>der einfachheit halber wird durchgehend die weibliche form verwendet, aber m\u00e4nner (so wie ich) d\u00fcrfen sich nat\u00fcrlich auch angesprochen f\u00fchlen, wenn sie das wollen \ud83d\ude00<\/li><li>eigentlich wollte ich urspr\u00fcnglich beide domains (anlegerin.at UND anleger.at) verwenden, aber anleger.at war schon besetzt, also: siehe 1. und 2. \ud83d\ude42 <\/li><\/ol>\n\n\n\n<h4 class=\"wp-block-heading\">Inhalt:<\/h4>\n\n\n\n<p>In diesem Blog berichten private Anlegerinnen (momentan nur ich, aber grunds\u00e4tzlich w\u00e4re der Blog offen f\u00fcr weitere mitteilungsbed\u00fcrftige Anlegerinnen) \u00fcber ihre pers\u00f6nlichen Herangehensweisen und Erfahrungen im Wertpapierhandel.<\/p>\n\n\n\n<p>Keinesfalls sollte das als allgemein g\u00fcltige Kaufempfehlung f\u00fcr einzelne Wertpapiere missverstanden werden. Es kommt immer darauf an, eine eigene Anlagestrategie zu entwickeln und diese dann beizubehalten. Eine Transaktion, die f\u00fcr mein Portfolio sinnvoll ist, kann f\u00fcr das Portfolio einer anderen Anlegerin \u00fcberhaupt nicht passen.<\/p>\n\n\n\n<p>Da hier auch \u00fcber tats\u00e4chlich durchgef\u00fchrte Transaktionen in Echtgeld-Depots berichtet wird, sind diese Teile des WP-Blogs nur noch f\u00fcr registrierte Nutzerinnen zug\u00e4nglich (Anmeldung als Nutzerin \u00fcber das <a rel=\"noreferrer noopener\" href=\"https:\/\/amember.zw\u00f6lf.at\/\" target=\"_blank\">aMember Control-Panel<\/a>, bei Interesse am Mit-Schreiben: <a href=\"mailto:peter.rischka@anlegerin.at\" target=\"_blank\" rel=\"noreferrer noopener\">email<\/a> an mich). <\/p>\n\n\n\n<h4 class=\"wp-block-heading\">Impressum:<\/h4>\n\n\n\n<p>Verantwortlich f\u00fcr alle Inhalte: Peter Rischka, Siebensterngasse 30, 1070 Wien, <a href=\"mailto:peter.rischka@anlegerin.at\">peter.rischka@anlegerin.at<\/a><\/p>\n","protected":false},"excerpt":{"rendered":"<p>warum anlegerIN? warum nicht? der einfachheit halber wird durchgehend die weibliche form verwendet, aber m\u00e4nner (so wie ich) d\u00fcrfen sich nat\u00fcrlich auch angesprochen f\u00fchlen, wenn sie das wollen \ud83d\ude00 eigentlich wollte ich urspr\u00fcnglich beide domains (anlegerin.at UND anleger.at) verwenden, aber&hellip;<\/p>\n","protected":false},"author":2,"featured_media":0,"parent":0,"menu_order":9,"comment_status":"closed","ping_status":"closed","template":"","meta":{"footnotes":""},"class_list":["post-82","page","type-page","status-publish","hentry"],"jetpack-related-posts":[],"jetpack_sharing_enabled":true,"_links":{"self":[{"href":"https:\/\/wordpress.fobis.org\/anlegerin\/wp-json\/wp\/v2\/pages\/82","targetHints":{"allow":["GET"]}}],"collection":[{"href":"https:\/\/wordpress.fobis.org\/anlegerin\/wp-json\/wp\/v2\/pages"}],"about":[{"href":"https:\/\/wordpress.fobis.org\/anlegerin\/wp-json\/wp\/v2\/types\/page"}],"author":[{"embeddable":true,"href":"https:\/\/wordpress.fobis.org\/anlegerin\/wp-json\/wp\/v2\/users\/2"}],"replies":[{"embeddable":true,"href":"https:\/\/wordpress.fobis.org\/anlegerin\/wp-json\/wp\/v2\/comments?post=82"}],"version-history":[{"count":10,"href":"https:\/\/wordpress.fobis.org\/anlegerin\/wp-json\/wp\/v2\/pages\/82\/revisions"}],"predecessor-version":[{"id":2470,"href":"https:\/\/wordpress.fobis.org\/anlegerin\/wp-json\/wp\/v2\/pages\/82\/revisions\/2470"}],"wp:attachment":[{"href":"https:\/\/wordpress.fobis.org\/anlegerin\/wp-json\/wp\/v2\/media?parent=82"}],"curies":[{"name":"wp","href":"https:\/\/api.w.org\/{rel}","templated":true}]}}